{"id":160,"date":"2016-04-07T11:52:33","date_gmt":"2016-04-07T10:52:33","guid":{"rendered":"http:\/\/kinesio-slovak.sk\/?page_id=160"},"modified":"2024-04-09T13:13:15","modified_gmt":"2024-04-09T12:13:15","slug":"kt1","status":"publish","type":"page","link":"https:\/\/kinesio-slovak.sk\/index.php\/kt1\/","title":{"rendered":"KTM1\/2"},"content":{"rendered":"<div class=\"fancy_heading fancy_heading_icon\">\n<h1 class=\"title\">KURZ\u00a0 Kinesio Taping FOUNDATIONS (KTM1\/2)<\/h1>\n<\/div>\n<p><span style=\"color: black;\">Z\u00e1kladn\u00ed dvoudenn\u00ed kurz v\u00fduky ucelen\u00e9ho terapeutick\u00e9ho konceptu Kinesio Taping<\/span><span style=\"font-size: 10.5pt; font-family: 'Arial',sans-serif; color: #1d2129; letter-spacing: -.2pt;\">\u00ae\u00a0<\/span><span style=\"color: black;\">Method.<\/span><\/p>\n<p><span style=\"color: black;\">V \u00favodu se dozv\u00edte stru\u010dn\u00e9,\u00a0 d\u016fle\u017eit\u00e9 a hlavn\u011b pravdiv\u00e9 informace o historii metody a jej\u00edm autorovi.<\/span><\/p>\n<p><span style=\"color: black;\">Sezn\u00e1m\u00edte se s mo\u017enostmi ovliv\u0148ov\u00e1n\u00ed r\u016fzn\u00fdch fyziologick\u00fdch syst\u00e9m\u016f lidsk\u00e9ho t\u011bla pomoc\u00ed stimulace k\u016f\u017ee a d\u00edky tomu dosa\u017een\u00ed v\u00fdborn\u00fdch terapeutick\u00fdch efekt\u016f. D\u00e1le jsou do v\u00fduky za\u0159azeny z\u00e1klady\u00a0 konceptu o\u0161et\u0159en\u00ed Epidermis-Dermis-Fascie &#8211; ve zkratce\u00a0 EDF.<\/span><\/p>\n<p><span style=\"color: black;\">Nau\u010d\u00edte se o\u0161et\u0159ovat svaly a n\u011bkter\u00e9 korek\u010dn\u00ed techniky. <\/span>V\u00fduka pokra\u010duje teori\u00ed, praktick\u00fdm n\u00e1cvikem a hodnocen\u00edm mechanick\u00e9, \u0161lachov\u00e9, ligament\u00f3zn\u00ed a lymfatick\u00e9 korekce.<\/p>\n<p><span style=\"color: black;\">V\u00fduka prob\u00edh\u00e1 kombinac\u00ed teorie a praxe. V\u0161echny aplikace nejprve vysv\u011btl\u00ed a uk\u00e1\u017ee instruktor. Pak\u00a0n\u00e1sleduje praktick\u00fd n\u00e1cvik jednotliv\u00fdch technik na z\u00e1klad\u011b manu\u00e1ln\u00edch a pohybov\u00fdch hodnocen\u00ed tak, aby se \u00fa\u010dastn\u00edci nau\u010dili pou\u017e\u00edvat aplikace co nejoptim\u00e1ln\u011bji pro konkr\u00e9tn\u00ed diagn\u00f3zy a byl tak zaru\u010den nejv\u00fdhodn\u011bj\u0161\u00ed terapeutick\u00fd postup.<\/span><\/p>\n<p><span style=\"color: black;\">\u00da\u010dastn\u00edci maj\u00ed dostatek \u010dasu na praktick\u00fd n\u00e1cvik aplikac\u00ed pod dozorem instruktora i na p\u0159\u00edpadn\u00e9 dotazy.<\/span><\/p>\n<p><span style=\"color: black;\">V\u00fduka prob\u00edh\u00e1 podle origin\u00e1ln\u00edch skript \u00a0vydan\u00fdch autorem metody a KTAI pro p\u0159\u00edslu\u0161n\u00e9 \u010dasov\u00e9 obdob\u00ed (obsah skript se aktualizuje podle v\u00fdsledk\u016f st\u00e1le prob\u00edhaj\u00edc\u00edho v\u00fdzkumu metody).<\/span><\/p>\n<p><span style=\"color: black;\">Po absolvov\u00e1n\u00ed kurzu dostanete p\u0159\u00edmo ze s\u00eddla KTAI mailem p\u0159\u00edstupov\u00fd k\u00f3d do datab\u00e1ze KTAI platn\u00fd 60 dn\u00ed ode dne doru\u010den\u00ed.\u00a0<\/span><\/p>\n<p><strong><span style=\"color: black;\">Hlavn\u00ed c\u00edle kurzu KTM1\/2<\/span><\/strong><\/p>\n<ul>\n<li><span style=\"color: black;\">Rozli\u0161it r\u016fzn\u00e9 fyziologick\u00e9 syst\u00e9my lidsk\u00e9ho t\u011bla, kter\u00e9 se daj\u00ed ovliv\u0148ovat pomoc\u00ed kinesiotejp\u016f Kinesio<\/span><span style=\"font-size: 10.5pt; font-family: 'Arial',sans-serif; color: #1d2129; letter-spacing: -.2pt;\">\u00ae\u00a0<\/span><span style=\"color: black;\">Tex Tape.<\/span><\/li>\n<li><span style=\"color: black;\">Z\u00edskat informace o jedine\u010dn\u00fdch vlastnostech jednotliv\u00fdch typ\u016f kinesiotejp\u016f Kinesio Tex Tape a nau\u010dit se vybrat spr\u00e1vn\u00fd typ tejpu pro jednotliv\u00e9 aplikace<\/span><\/li>\n<li><span style=\"color: black;\">Nau\u010dit se indikace a kontraindikace pro pou\u017eit\u00ed tejp\u016f Kinesio<\/span><span style=\"font-size: 10.5pt; font-family: 'Arial',sans-serif; color: #1d2129; letter-spacing: -.2pt;\">\u00ae T<\/span><span style=\"color: black;\">ex Tape<\/span><\/li>\n<li><span style=\"color: black;\">Nau\u010dit se odpov\u00eddaj\u00edc\u00ed Manual Direction Testy pro m\u011bkk\u00e9 tk\u00e1n\u011b a svaly<\/span><\/li>\n<li><span style=\"color: black;\">Nau\u010dit se Kinesio Screening Assesments pro identifikaci c\u00edlov\u00e9 oblasti t\u011bla pro l\u00e9\u010dbu<\/span><\/li>\n<li><span style=\"color: black;\">Nau\u010dit se spr\u00e1vn\u00e9 aplikace Kinesio Epidermis, Dermis a Fascia tejpovac\u00edch technik<\/span><\/li>\n<li><span style=\"color: black;\">Nau\u010dit se r\u016fzn\u00e9 druhy aplikac\u00ed korek\u010dn\u00edch technik: fasci\u00e1ln\u00ed, mechanick\u00e1, prostorov\u00e1, funk\u010dn\u00ed, lymfatick\u00e1, \u0161lachov\u00e1, ligament\u00f3zn\u00ed a svalov\u00e1 korekce<\/span><\/li>\n<li><span style=\"color: black;\">\u00a0Porozumn\u011bt rozd\u00edlu mezi &#8222;underactive&#8220; a &#8222;overactive&#8220; svalovou korekci<\/span><\/li>\n<li><span style=\"color: black;\">Nau\u010dit se rozeznat odpov\u00eddaj\u00edc\u00ed tah tejpu pro r\u016fzn\u00e9 druhy korek\u010dn\u00edch technik<\/span><\/li>\n<li><span style=\"color: black;\">Porozumn\u011bt rozd\u00edlu mezi ligament\u00f3zn\u00ed a \u0161lachovou korekc\u00ed<\/span><\/li>\n<li><span style=\"color: black;\">Rozpoznat r\u016fzn\u00e9 situace, p\u0159i kter\u00fdch se daj\u00ed vyu\u017e\u00edt funk\u010dn\u00ed korekce<\/span><\/li>\n<li><span style=\"color: black;\">Porozumn\u011bt rozd\u00edlu mezi &#8222;long and short oscilac\u00ed&#8220; a &#8222;side to side oscilac\u00ed&#8220; pou\u017e\u00edvanou p\u0159i fasci\u00e1ln\u00edch korekc\u00edch<\/span><br \/>\n<img loading=\"lazy\" decoding=\"async\" class=\"normal aligncenter size-full wp-image-143\" src=\"http:\/\/www.kinesio-czech.cz\/wp-content\/uploads\/2015\/06\/kplus.png\" alt=\"kplus\" width=\"360\" height=\"82\" \/><\/li>\n<\/ul>\n","protected":false},"excerpt":{"rendered":"<p><span class=\"excerpt-hellip\"> [\u2026]<\/span><\/p>\n","protected":false},"author":1,"featured_media":0,"parent":0,"menu_order":0,"comment_status":"closed","ping_status":"closed","template":"","meta":{"footnotes":""},"class_list":["post-160","page","type-page","status-publish","hentry"],"_links":{"self":[{"href":"https:\/\/kinesio-slovak.sk\/index.php\/wp-json\/wp\/v2\/pages\/160","targetHints":{"allow":["GET"]}}],"collection":[{"href":"https:\/\/kinesio-slovak.sk\/index.php\/wp-json\/wp\/v2\/pages"}],"about":[{"href":"https:\/\/kinesio-slovak.sk\/index.php\/wp-json\/wp\/v2\/types\/page"}],"author":[{"embeddable":true,"href":"https:\/\/kinesio-slovak.sk\/index.php\/wp-json\/wp\/v2\/users\/1"}],"replies":[{"embeddable":true,"href":"https:\/\/kinesio-slovak.sk\/index.php\/wp-json\/wp\/v2\/comments?post=160"}],"version-history":[{"count":4,"href":"https:\/\/kinesio-slovak.sk\/index.php\/wp-json\/wp\/v2\/pages\/160\/revisions"}],"predecessor-version":[{"id":680,"href":"https:\/\/kinesio-slovak.sk\/index.php\/wp-json\/wp\/v2\/pages\/160\/revisions\/680"}],"wp:attachment":[{"href":"https:\/\/kinesio-slovak.sk\/index.php\/wp-json\/wp\/v2\/media?parent=160"}],"curies":[{"name":"wp","href":"https:\/\/api.w.org\/{rel}","templated":true}]}}