{"id":459,"date":"2018-05-17T15:12:04","date_gmt":"2018-05-17T14:12:04","guid":{"rendered":"http:\/\/kinesio-slovak.sk\/?page_id=459"},"modified":"2018-08-14T12:53:17","modified_gmt":"2018-08-14T11:53:17","slug":"gdpr","status":"publish","type":"page","link":"https:\/\/kinesio-slovak.sk\/index.php\/gdpr\/","title":{"rendered":"GDPR"},"content":{"rendered":"<div class=\"pagetitle background-is-transparent\">\n<div class=\"container\">\n<div class=\"twelve columns\">\n<h1 class=\"title\">GDPR &#8211; Kinesio Taping\u00ae Method<\/h1>\n<\/div>\n<\/div>\n<\/div>\n<div id=\"postcontainer\">\n<div class=\"container\">\n<div class=\"ten columns singlecontent\">\n<p><strong>Ochrana osobn\u00edch \u00fadaj\u016f fyzick\u00fdch osob\u00a0<\/strong><\/p>\n<p>Chceme v\u00e1s sezn\u00e1mit se z\u00e1sadami, podle kter\u00fdch se \u0159\u00edd\u00edme p\u0159i zpracov\u00e1v\u00e1n\u00ed va\u0161ich osobn\u00edch \u00fadaj\u016f. Krom\u011b na\u0159\u00edzen\u00ed (EU) 2016\/679 (d\u00e1le jen \u201eGDPR\u201c) se \u0159\u00edd\u00edme platn\u00fdmi z\u00e1kony, kter\u00e9 se vztahuj\u00ed k p\u0159edm\u011bt\u016fm n\u00e1mi provozovan\u00fdch \u010dinnost\u00ed.<\/p>\n<p>Hlavn\u00edmi p\u0159edm\u011bty na\u0161\u00ed \u010dinnosti je organizov\u00e1n\u00ed odborn\u00fdch vzd\u011bl\u00e1vac\u00edch kurz\u016f a prodej zbo\u017e\u00ed.<\/p>\n<p>Spr\u00e1vcem va\u0161ich osobn\u00edch \u00fadaj\u016f je firma EUROSAD, s.r.o. se s\u00eddlem ve Valu \u010d. 3, 39181 Vesel\u00ed nad Lu\u017enic\u00ed, I\u010c 62503910. Firma je zapsan\u00e1 v\u00a0OR Krajsk\u00e9ho soudu v\u00a0\u010cesk\u00fdch Bud\u011bjovic\u00edch, odd\u00edl C, vlo\u017eka 4646. Jednatelkou spole\u010dnosti je Ing. Milu\u0161ka Peroutkov\u00e1. Kontaktn\u00ed\u00a0 mailov\u00e1 adresa info@kinesio-czech.cz<\/p>\n<p>Jsme\u00a0 autorizovan\u00fdm z\u00e1stupcem KINESIO Headquarters (U.S.A.) se s\u00eddlem v USA, 4001 Masthead NE, Albuquergue , NM 87109 pro \u010cR a SR. Uveden\u00e1 spole\u010dnost\u00a0 mimo jin\u00e9 zastupuje dr\u017eitele autorsk\u00fdch pr\u00e1v k metod\u011b KINESIO TAPING\u00ae\u00a0 a zast\u0159e\u0161uje jednotliv\u00e9 sekce \u2013 p\u0159edev\u0161\u00edm KINESIO UNIVERSITY\u00a0 a KINESIO TAPING ASSOCIATION INTERNATIONAL D\u00e1le jen KINESIO.<\/p>\n<p>Osobn\u00ed \u00fadaje z\u00edsk\u00e1v\u00e1me od v\u00e1s \u2013 na\u0161ich z\u00e1kazn\u00edk\u016f. P\u0159ed\u00e1v\u00e1te n\u00e1m je p\u0159i registraci na kurzy. Ozna\u010den\u00edm p\u0159\u00edslu\u0161n\u00e9ho pol\u00ed\u010dka p\u0159i registarci na kurz potvrzujete, \u017ee jste se s na\u0161imi z\u00e1sadami zpracov\u00e1v\u00e1n\u00ed osobn\u00edch \u00fadaj\u016f sezn\u00e1mili.\u00a0 Po\u017eadujeme po v\u00e1s jen \u00fadaje nezbytn\u00e9 ke spln\u011bn\u00ed smlouvy a \u00fadaje nezbytn\u00e9 k vystaven\u00ed certifik\u00e1t\u016f \/doklad\u016f o absolvov\u00e1n\u00ed p\u0159\u00edslu\u0161n\u00e9ho kurzu\/. Va\u0161e \u00fadaje zpracov\u00e1v\u00e1me pouze pro od\u016fvodn\u011bn\u00e9 \u00fa\u010dely a s vyu\u017eit\u00edm maxim\u00e1ln\u00ed mo\u017en\u00e9 m\u00edry zabezpe\u010den\u00ed.<\/p>\n<p>Zpracov\u00e1v\u00e1me n\u00e1sleduj\u00edc\u00ed osobn\u00ed \u00fadaje:<\/p>\n<p><strong>1.\u00a0\u00a0\u00a0\u00a0\u00a0\u00a0identifika\u010dn\u00ed \u00fadaje<\/strong>, kter\u00fdmi se rozum\u00ed zejm\u00e9na jm\u00e9no a p\u0159\u00edjmen\u00ed, datum narozen\u00ed, p\u0159\u00edpadn\u011b I\u010c a DI\u010c, pokud jste podnikatel,<\/p>\n<p><strong>2.\u00a0\u00a0\u00a0\u00a0\u00a0kontaktn\u00ed \u00fadaje<\/strong>, jimi\u017e se rozum\u00ed zejm\u00e9na e-mailov\u00e1 adresa, telefonn\u00ed \u010d\u00edslo a\u00a0faktura\u010dn\u00ed adresa;<\/p>\n<p><strong>3.\u00a0\u00a0\u00a0\u00a0\u00a0\u00fadaje o objednan\u00fdch slu\u017eb\u00e1ch\u00a0<\/strong>\/typu kurzu\/ a\u00a0zp\u016fsobu platby<\/p>\n<p>&nbsp;<\/p>\n<p>Co n\u00e1s oprav\u0148uje zpracov\u00e1vat osobn\u00ed \u00fadaje? Osobn\u00ed \u00fadaje zpracov\u00e1v\u00e1me bu\u010f:<\/p>\n<p><strong>1. bez va\u0161eho souhlasu:\u00a0\u00a0\u00a0<\/strong><strong>\u00a0\u2013\u00a0\u00a0<\/strong>\u00a0z d\u016fvodu<strong>\u00a0\u00a0<\/strong>\u00a0spln\u011bn\u00ed\u00a0\u00a0 smlouvy, kterou jste s\u00a0n\u00e1mi uzav\u0159eli elektronickou cestou p\u0159i registraci na kurzy<\/p>\n<p><strong>\u00a0\u00a0\u00a0\u00a0\u00a0\u00a0\u00a0\u00a0\u00a0\u00a0\u00a0\u00a0\u00a0\u00a0\u00a0\u00a0\u00a0\u00a0\u00a0\u00a0\u00a0\u00a0\u00a0\u00a0\u00a0\u00a0\u00a0\u00a0\u00a0\u00a0\u00a0\u00a0\u00a0\u00a0\u00a0\u00a0\u00a0\u00a0\u00a0\u00a0\u00a0\u00a0\u00a0\u00a0\u00a0\u00a0\u00a0\u00a0\u00a0 \u00a0 \u2013\u00a0<\/strong>na z\u00e1klad\u011b\u00a0 na\u0161eho opr\u00e1vn\u011bn\u00e9ho z\u00e1jmu<\/p>\n<p><strong>\u00a0\u00a0\u00a0\u00a0\u00a0\u00a0\u00a0\u00a0\u00a0\u00a0\u00a0\u00a0\u00a0\u00a0\u00a0\u00a0\u00a0\u00a0\u00a0\u00a0\u00a0\u00a0\u00a0\u00a0\u00a0\u00a0\u00a0\u00a0\u00a0\u00a0\u00a0\u00a0\u00a0\u00a0\u00a0\u00a0\u00a0\u00a0\u00a0\u00a0\u00a0\u00a0\u00a0\u00a0\u00a0\u00a0\u00a0\u00a0 \u00a0\u00a0 \u2013<\/strong>\u00a0\u00a0z\u00a0d\u016fvodu pln\u011bn\u00ed pr\u00e1vn\u00ed povinnosti<\/p>\n<p><strong>\u00a02.\u00a0\u00a0na z\u00e1klad\u011b va\u0161eho souhlasu.<\/strong><\/p>\n<p>&nbsp;<\/p>\n<p><strong>\u00da\u010dely zpracov\u00e1n\u00ed<\/strong><\/p>\n<p>\u2013\u00a0\u00a0\u00a0\u00a0<strong>Zpracov\u00e1n\u00ed na z\u00e1klad\u011b pln\u011bn\u00ed smlouvy<\/strong><\/p>\n<p>Pokud u n\u00e1s jako fyzick\u00e1 osoba\u00a0 objedn\u00e1te\u00a0 slu\u017ebu a uzav\u0159ete s\u00a0n\u00e1mi\u00a0 smlouvu, zpracov\u00e1v\u00e1me za \u00fa\u010delem pln\u011bn\u00ed t\u00e9to smlouvy\u00a0va\u0161e\u00a0identifika\u010dn\u00ed a kontaktn\u00ed \u00fadaje\u00a0a\u00a0\u00fadaje\u00a0o objednan\u00e9 slu\u017eb\u011b\u00a0a to bez va\u0161eho souhlasu. V tomto po\u0159\u00edpad\u011b uchov\u00e1v\u00e1me smlouvu \u2013 fakturu \u2013 v elektronick\u00e9 podob\u011b a sou\u010dasn\u011b v pap\u00edrov\u00e9 podob\u011b po dobu, kterou po n\u00e1s vy\u017eaduj\u00ed platn\u00e9 z\u00e1kony. V sou\u010dasnosti je to 10 let.<\/p>\n<p><strong>\u2013\u00a0\u00a0\u00a0\u00a0 Zpracov\u00e1n\u00ed na z\u00e1klad\u011b opr\u00e1vn\u011bn\u00e9ho z\u00e1jmu<\/strong><\/p>\n<p>Pokud \u00a0s\u00a0n\u00e1mi uzav\u0159ete smlouvu, uchov\u00e1me Va\u0161e\u00a0<strong>identifika\u010dn\u00ed a kontaktn\u00ed \u00fadaje<\/strong>\u00a0<strong>a<\/strong>\u00a0<strong>\u00fadaje o objednan\u00fdch slu\u017eb\u00e1ch<\/strong>\u00a0na z\u00e1klad\u011b na\u0161eho opr\u00e1vn\u011bn\u00e9ho z\u00e1jmu (bez va\u0161eho souhlasu) za \u00fa\u010delem pln\u011bn\u00ed na\u0159\u00edzen\u00ed Z\u00e1kon\u016f o dal\u0161\u00edm vzd\u011bl\u00e1v\u00e1n\u00ed l\u00e9ka\u0159\u016f a nel\u00e9ka\u0159sk\u00fdch zdravotnick\u00fdch pracovn\u00edk\u016f a to v podob\u011b Datab\u00e1ze abslovent\u016f kurz\u016f. D\u00e1le zpracov\u00e1v\u00e1me osobn\u00ed \u00fadaje za \u00fa\u010delem ochrany pr\u00e1vn\u00edch n\u00e1rok\u016f a na\u0161\u00ed vnit\u0159n\u00ed evidence a kontroly. Na\u0161imi opr\u00e1vn\u011bn\u00fdmi z\u00e1jmy jsou zde ochrana pr\u00e1vn\u00edch n\u00e1rok\u016f a kontrola \u0159\u00e1dn\u00e9ho poskytov\u00e1n\u00ed na\u0161ich slu\u017eeb.<\/p>\n<p>D\u00e1le zpracov\u00e1v\u00e1me na z\u00e1klad\u011b na\u0161eho opr\u00e1vn\u011bn\u00e9ho z\u00e1jmu (tedy bez Va\u0161eho souhlasu) va\u0161e<strong>\u00a0identifika\u010dn\u00ed a kontaktn\u00ed \u00fadaje a \u00fadaje o objednan\u00fdch slu\u017eb\u00e1ch\u00a0<\/strong>\u00a0za \u00fa\u010delem zas\u00edl\u00e1n\u00ed nab\u00eddek \u00a0e-mailem; na\u0161\u00edm opr\u00e1vn\u011bn\u00fdm z\u00e1jmem je zde propagace na\u0161ich produkt\u016f a slu\u017eeb. Proti tomuto zpracov\u00e1n\u00ed realizovan\u00e9m na z\u00e1klad\u011b na\u0161eho opr\u00e1vn\u011bn\u00e9ho z\u00e1jmu m\u00e1te\u00a0<u>pr\u00e1vo uplatnit n\u00e1mitku<\/u>.<\/p>\n<p><strong>\u2013\u00a0\u00a0\u00a0 Zpracov\u00e1n\u00ed na z\u00e1klad\u011b pln\u011bn\u00ed pr\u00e1vn\u00edch povinnost\u00ed<\/strong><\/p>\n<p>Mus\u00edme plnit\u00a0 povinnosti vypl\u00fdvaj\u00edc\u00ed ze z\u00e1kon\u016f, kter\u00e9 se vztahuj\u00ed k n\u00e1mi provozovan\u00fdm \u010dinnostem. Pokud Va\u0161e osobn\u00ed \u00fadaje zpracov\u00e1v\u00e1me pr\u00e1v\u011b z\u00a0tohoto d\u016fvodu, nemus\u00edme z\u00edskat pro takov\u00e9 zpracov\u00e1n\u00ed V\u00e1\u0161 souhlas. Na tomto pr\u00e1vn\u00edm z\u00e1klad\u011b zpracov\u00e1v\u00e1me va\u0161e<strong>\u00a0identifika\u010dn\u00ed\u00a0<\/strong>a<strong>\u00a0kontaktn\u00ed \u00fadaje\u00a0<\/strong>a<strong>\u00a0\u00fadaje o\u00a0absolvovan\u00fdch kurzech<\/strong>, a to zejm\u00e9na z\u00a0d\u016fvodu dodr\u017eov\u00e1n\u00ed\u00a0z\u00e1kon\u016f o \u00fa\u010detnictv\u00ed a z\u00e1kon\u016f, kter\u00e9 \u0159e\u0161\u00ed dal\u0161\u00ed vzd\u011bl\u00e1v\u00e1n\u00ed l\u00e9kla\u0159\u016f a nel\u00e9ka\u0159sk\u00fdch zdravotnick\u00fdch pracovn\u00edk\u016f.<\/p>\n<p>Pro tyto \u00fa\u010dely zpracov\u00e1v\u00e1me osobn\u00ed \u00fadaje na dobu, kterou stanovuj\u00ed p\u0159\u00edslu\u0161n\u00e9 z\u00e1kony \u2013 znamen\u00e1 to\u00a0 doba 10 let pro \u00fa\u010dely \u00fa\u010detn\u00ed evidence a neomezen\u00e1 doba pro \u00fa\u010dely evidence absolvent\u016f kurz\u016f<\/p>\n<p><strong>Zpracov\u00e1n\u00ed na z\u00e1klad\u011b va\u0161eho souhlasu:<\/strong><\/p>\n<p>\u2013 zve\u0159ejn\u011bn\u00ed datab\u00e1ze absolvent\u016f na na\u0161ich webov\u00fdch str\u00e1nk\u00e1ch v kategorii Pro\u0161kolen\u00ed terapeut\u00e9<\/p>\n<p>\u2013 p\u0159ed\u00e1n\u00ed osobn\u00edch \u00fadaj\u016f mimo EU \u2013 do USA\u00a0dr\u017eiteli autorsk\u00fdch pr\u00e1v k metod\u011b KINESIO TAPING\u00ae spole\u010dnosti KINESIO \/p\u0159esn\u00e1 adresa viz v\u00fd\u0161e\/ za \u00fa\u010delem za\u0159azen\u00ed do celosv\u011btov\u00e9 datab\u00e1ze absolvent\u016f. Souhlas od v\u00e1s z\u00edsk\u00e1v\u00e1me b\u011bhem kurzu.<\/p>\n<p><strong>Kdo va\u0161e osobn\u00ed \u00fadaje zpracov\u00e1v\u00e1 a komu je p\u0159ed\u00e1v\u00e1me?<\/strong><\/p>\n<p>V\u0161echny zm\u00edn\u011bn\u00e9 osobn\u00ed \u00fadaje zpracov\u00e1v\u00e1me my jako\u00a0<strong>spr\u00e1vce.<\/strong>\u00a0To znamen\u00e1, \u017ee my stanovujeme shora vymezen\u00e9 \u00fa\u010dely, pro kter\u00e9 va\u0161e osobn\u00ed \u00fadaje shroma\u017e\u010fujeme, ur\u010dujeme prost\u0159edky zpracov\u00e1n\u00ed a odpov\u00edd\u00e1me za jejich \u0159\u00e1dn\u00e9 proveden\u00ed.<\/p>\n<p>Va\u0161e osobn\u00ed \u00fadaje m\u016f\u017eeme p\u0159ed\u00e1vat \u00a0dal\u0161\u00edm subjekt\u016fm v\u00a0t\u011bchto p\u0159\u00edpadech:<\/p>\n<ul>\n<li>v r\u00e1mci pln\u011bn\u00ed na\u0161ich z\u00e1konn\u00fdch povinnost\u00ed spr\u00e1vn\u00edm org\u00e1n\u016fm a st\u00e1tn\u00edm \u00fa\u0159ad\u016fm, jsme-li k\u00a0tomu vyzv\u00e1ni a to bez va\u0161eho souhlasu<\/li>\n<li>Spole\u010dnosti KINESIO mimo EU v rozsahu jm\u00e9no, p\u0159\u00edjmen\u00ed, mail a \u00farove\u0148 absolvovan\u00e9ho kurzu &#8211; a to na z\u00e1klad\u011b va\u0161eho souhlasu. Toto ujedn\u00e1n\u00ed se t\u00fdk\u00e1 pouze absolvent\u016f kurz\u016f metody KINESIO TAPING\u00ae.<\/li>\n<li>Spole\u010dnosti BLACKROLL AG se s\u00eddlem v EU, kter\u00e1 je dr\u017eitelem pr\u00e1v k v\u00fduce metody BLACKROLL\u00ae Tren\u00e9r. Toto ujedn\u00e1n\u00ed se t\u00fdk\u00e1 pouze absolvent\u016f kurz\u016f Blackroll Tren\u00e9r.<\/li>\n<\/ul>\n<p>Pro zpracov\u00e1n\u00ed osobn\u00edch \u00fadaj\u016f nevyu\u017e\u00edv\u00e1me \u00a0slu\u017eeb dal\u0161\u00edch zpracovatel\u016f. Va\u0161e osobn\u00ed \u00fadaje nevyhodnocujeme automaticky\u00a0 ani u n\u00e1s nedoch\u00e1z\u00ed k profilov\u00e1n\u00ed na\u0161ich z\u00e1kazn\u00edk\u016f.<\/p>\n<p>&nbsp;<\/p>\n<p><strong>Jak\u00e1 m\u00e1te pr\u00e1va p\u0159i zpracov\u00e1n\u00ed osobn\u00edch \u00fadaj\u016f?<\/strong><\/p>\n<p>Stejn\u011b jako my m\u00e1me sv\u00e1 pr\u00e1va a povinnosti p\u0159i zpracov\u00e1n\u00ed va\u0161ich osobn\u00edch \u00fadaj\u016f, m\u00e1te tak\u00e9 vy p\u0159i zpracov\u00e1n\u00ed va\u0161ich osobn\u00edch \u00fadaj\u016f ur\u010dit\u00e1 pr\u00e1va. Mezi tato pr\u00e1va pat\u0159\u00ed:<\/p>\n<p><strong>Pr\u00e1vo na p\u0159\u00edstup\u00a0\u00a0<\/strong>Zjednodu\u0161en\u011b \u0159e\u010deno m\u00e1te pr\u00e1vo v\u011bd\u011bt, jak\u00e9 \u00fadaje o v\u00e1s zpracov\u00e1v\u00e1me, za jak\u00fdm \u00fa\u010delem, po\u00a0jakou dobu, kde va\u0161e osobn\u00ed \u00fadaje z\u00edsk\u00e1v\u00e1me, komu je p\u0159ed\u00e1v\u00e1me, kdo je mimo n\u00e1s zpracov\u00e1v\u00e1 a jak\u00e1 m\u00e1te dal\u0161\u00ed pr\u00e1va souvisej\u00edc\u00ed se zpracov\u00e1n\u00edm va\u0161ich osobn\u00edch \u00fadaj\u016f. Pokud si \u00a0nejste jist\u00ed, kter\u00e9 osobn\u00ed \u00fadaje o v\u00e1s zpracov\u00e1v\u00e1me, m\u016f\u017eete n\u00e1s po\u017e\u00e1dat o potvrzen\u00ed, zda osobn\u00ed \u00fadaje, kter\u00e9 se v\u00e1s t\u00fdkaj\u00ed, jsou \u010di nejsou z na\u0161\u00ed strany zpracov\u00e1v\u00e1ny, a pokud tomu tak je, m\u00e1te pr\u00e1vo z\u00edskat p\u0159\u00edstup k\u00a0t\u011bmto osobn\u00edm \u00fadaj\u016fm. V r\u00e1mci pr\u00e1va na p\u0159\u00edstup n\u00e1s m\u016f\u017eete po\u017e\u00e1dat o kopii zpracov\u00e1van\u00fdch osobn\u00edch \u00fadaj\u016f, p\u0159i\u010dem\u017e prvn\u00ed\u00a0<strong>kopii v\u00e1m poskytneme\u00a0bezplatn\u011b.<\/strong><\/p>\n<p><strong>Pr\u00e1vo na opravu<\/strong>\u00a0 \u00a0Pokud zjist\u00edte, \u017ee osobn\u00ed \u00fadaje, kter\u00e9 o v\u00e1s zpracov\u00e1v\u00e1me, jsou nep\u0159esn\u00e9 nebo ne\u00fapln\u00e9, m\u00e1te pr\u00e1vo na to, abychom je bez zbyte\u010dn\u00e9ho odkladu opravili, pop\u0159\u00edpad\u011b doplnili.<\/p>\n<p><strong>Pr\u00e1vo na v\u00fdmaz\u00a0\u00a0<\/strong>V n\u011bkter\u00fdch p\u0159\u00edpadech m\u00e1te pr\u00e1vo, abychom va\u0161e osobn\u00ed \u00fadaje vymazali. Va\u0161e osobn\u00ed \u00fadaje bez zbyte\u010dn\u00e9ho odkladu vyma\u017eeme, pokud je spln\u011bn n\u011bkter\u00fd z n\u00e1sleduj\u00edc\u00edch d\u016fvod\u016f:<\/p>\n<ul>\n<li>va\u0161e osobn\u00ed \u00fadaje ji\u017e nepot\u0159ebujeme pro \u00fa\u010dely, pro kter\u00e9 jsme je zpracov\u00e1vali;<\/li>\n<li>odvol\u00e1te souhlas se zpracov\u00e1n\u00edm osobn\u00edch \u00fadaj\u016f, p\u0159i\u010dem\u017e se jedn\u00e1 o \u00fadaje, k jejich\u017e zpracov\u00e1n\u00ed je v\u00e1\u0161 souhlas nezbytn\u00fd a z\u00e1rove\u0148 nem\u00e1me jin\u00fd d\u016fvod, pro\u010d tyto \u00fadaje pot\u0159ebujeme nad\u00e1le zpracov\u00e1vat;<\/li>\n<li>vyu\u017eijete sv\u00e9ho pr\u00e1va vzn\u00e9st n\u00e1mitku proti zpracov\u00e1n\u00ed u osobn\u00edch \u00fadaj\u016f, kter\u00e9 zpracov\u00e1v\u00e1me na z\u00e1klad\u011b na\u0161ich opr\u00e1vn\u011bn\u00fdch z\u00e1jm\u016f a my shled\u00e1me, \u017ee ji\u017e \u017e\u00e1dn\u00e9 takov\u00e9 opr\u00e1vn\u011bn\u00e9 z\u00e1jmy, kter\u00e9 by toto zpracov\u00e1n\u00ed oprav\u0148ovaly, nem\u00e1me nebo<\/li>\n<li>domn\u00edv\u00e1te se, \u017ee n\u00e1mi prov\u00e1d\u011bn\u00e9 zpracov\u00e1n\u00ed osobn\u00edch \u00fadaj\u016f \u00a0p\u0159estalo b\u00fdt v souladu s\u00a0obecn\u011b z\u00e1vazn\u00fdmi p\u0159edpisy.<\/li>\n<\/ul>\n<p>Ale m\u011bjte pros\u00edm na pam\u011bti, \u017ee i kdy\u017e p\u016fjde o jeden z t\u011bchto d\u016fvod\u016f, neznamen\u00e1 to, \u017ee ihned sma\u017eeme v\u0161echny va\u0161e osobn\u00ed \u00fadaje. Toto pr\u00e1vo se toti\u017e neuplatn\u00ed v p\u0159\u00edpad\u011b, \u017ee zpracov\u00e1n\u00ed va\u0161ich osobn\u00edch \u00fadaj\u016f je i nad\u00e1le nezbytn\u00e9 pro spln\u011bn\u00ed na\u0161\u00ed pr\u00e1vn\u00ed povinnosti nebo ur\u010den\u00ed, v\u00fdkon \u010di obhajobu na\u0161ich pr\u00e1vn\u00edch n\u00e1rok\u016f<\/p>\n<p><strong>Pr\u00e1vo na omezen\u00ed zpracov\u00e1n\u00ed\u00a0\u00a0<\/strong>V\u00a0n\u011bkter\u00fdch p\u0159\u00edpadech m\u016f\u017eete krom\u011b pr\u00e1va na v\u00fdmaz vyu\u017e\u00edt pr\u00e1vo na omezen\u00ed zpracov\u00e1n\u00ed osobn\u00edch \u00fadaj\u016f. Toto pr\u00e1vo v\u00e1m umo\u017e\u0148uje v\u00a0ur\u010dit\u00fdch p\u0159\u00edpadech po\u017eadovat,\u00a0 aby\u00a0jste\u00a0ozna\u010dili n\u011bkter\u00e9\u00a0va\u0161e osobn\u00edch \u00fadaj\u016f a tyto \u00fadaje nebyly p\u0159edm\u011btem \u017e\u00e1dn\u00fdch dal\u0161\u00edch operac\u00ed zpracov\u00e1n\u00ed \u2013 v\u00a0tomto p\u0159\u00edpad\u011b v\u0161ak nikoliv nav\u017edy (jako v\u00a0p\u0159\u00edpad\u011b pr\u00e1va na v\u00fdmaz), ale po omezenou dobu. Zpracov\u00e1n\u00ed osobn\u00edch \u00fadaj\u016f mus\u00edme omezit kdy\u017e: \u2013 pop\u00edr\u00e1te p\u0159esnost osobn\u00edch \u00fadaj\u016f, ne\u017e se dohodneme, jak\u00e9 \u00fadaje jsou spr\u00e1vn\u00e9;<\/p>\n<p>-va\u0161e osobn\u00ed \u00fadaje zpracov\u00e1v\u00e1me bez dostate\u010dn\u00e9ho pr\u00e1vn\u00edho z\u00e1kladu (nap\u0159. nad r\u00e1mec toho, co zpracov\u00e1vat mus\u00edme), ale vy budete p\u0159ed v\u00fdmazem takov\u00fdch \u00fadaj\u016f up\u0159ednost\u0148ovat pouze jejich omezen\u00ed (nap\u0159. pokud o\u010dek\u00e1v\u00e1te, \u017ee byste n\u00e1m v\u00a0budoucnu takov\u00e9 \u00fadaje stejn\u011b poskytli);<\/p>\n<p>\u2013 va\u0161e osobn\u00ed \u00fadaje ji\u017e nepot\u0159ebujeme pro shora uveden\u00e9 \u00fa\u010dely zpracov\u00e1n\u00ed, ale vy je po\u017eadujete pro ur\u010den\u00ed, v\u00fdkon nebo obhajobu sv\u00fdch pr\u00e1vn\u00edch n\u00e1rok\u016f, nebo<\/p>\n<p>-vznesete n\u00e1mitku proti zpracov\u00e1n\u00ed. Po dobu, po kterou \u0161et\u0159\u00edme, je-li va\u0161e n\u00e1mitka opr\u00e1vn\u011bn\u00e1, jsme povinni zpracov\u00e1n\u00ed va\u0161ich osobn\u00edch \u00fadaj\u016f omezit.<\/p>\n<p><strong>Pr\u00e1vo na p\u0159enositelnost\u00a0\u00a0<\/strong>M\u00e1te pr\u00e1vo z\u00edskat od n\u00e1s v\u0161echny va\u0161e osobn\u00ed \u00fadaje, kter\u00e9 jste n\u00e1m vy sami poskytli a kter\u00e9 zpracov\u00e1v\u00e1me na z\u00e1klad\u011b va\u0161eho souhlasu nebo na z\u00e1klad\u011b pln\u011bn\u00ed smlouvy. Va\u0161e osobn\u00ed \u00fadaje v\u00e1m poskytneme ve strukturovan\u00e9m, b\u011b\u017en\u011b pou\u017e\u00edvan\u00e9m a strojov\u011b \u010diteln\u00e9m form\u00e1tu. Abychom mohli na va\u0161i \u017e\u00e1dost \u00fadaje snadno p\u0159ev\u00e9st, m\u016f\u017ee se jednat pouze o \u00fadaje, kter\u00e9 zpracov\u00e1v\u00e1me automatizovan\u011b v\u00a0na\u0161ich elektronick\u00fdch datab\u00e1z\u00edch.<\/p>\n<p><strong>Pr\u00e1vo vzn\u00e9st n\u00e1mitku proti zpracov\u00e1n\u00a0\u00a0<\/strong>M\u00e1te pr\u00e1vo vzn\u00e9st n\u00e1mitku proti zpracov\u00e1n\u00ed osobn\u00edch \u00fadaj\u016f, k\u00a0n\u011bmu\u017e doch\u00e1z\u00ed na z\u00e1klad\u011b na\u0161eho opr\u00e1vn\u011bn\u00e9ho z\u00e1jmu. \u00a0Jde-li o marketingov\u00e9 aktivity, p\u0159estaneme va\u0161e osobn\u00ed \u00fadaje zpracov\u00e1vat bez dal\u0161\u00edho; v\u00a0ostatn\u00edch p\u0159\u00edpadech tak u\u010din\u00edme, pokud nebudeme m\u00edt z\u00e1va\u017en\u00e9 opr\u00e1vn\u011bn\u00e9 d\u016fvody pro to, abychom v\u00a0takov\u00e9m zpracov\u00e1n\u00ed pokra\u010dovali.<\/p>\n<p><strong>Pr\u00e1vo podat st\u00ed\u017enost\u00a0\u00a0<\/strong>Uplatn\u011bn\u00edm pr\u00e1v v\u00fd\u0161e uveden\u00fdm zp\u016fsobem nen\u00ed nijak dot\u010deno va\u0161e pr\u00e1vo podat st\u00ed\u017enost u p\u0159\u00edslu\u0161n\u00e9ho dozorov\u00e9ho \u00fa\u0159adu. Toto pr\u00e1vo m\u016f\u017eete uplatnit zejm\u00e9na v\u00a0p\u0159\u00edpad\u011b, \u017ee se domn\u00edv\u00e1te, \u017ee va\u0161e osobn\u00ed \u00fadaje zpracov\u00e1v\u00e1me neopr\u00e1vn\u011bn\u011b nebo v\u00a0rozporu s\u00a0obecn\u011b z\u00e1vazn\u00fdmi pr\u00e1vn\u00edmi p\u0159edpisy. St\u00ed\u017enost proti n\u00e1mi prov\u00e1d\u011bn\u00e9mu zpracov\u00e1n\u00ed osobn\u00edch \u00fadaj\u016f m\u016f\u017eete podat u \u00da\u0159adu pro ochranu osobn\u00edch \u00fadaj\u016f, kter\u00fd s\u00eddl\u00ed na adrese Pplk. Sochora 27, 170 00 Praha 7.<\/p>\n<p>&nbsp;<\/p>\n<p><strong>Jak lze uplatnit jednotliv\u00e1 pr\u00e1va?<\/strong><\/p>\n<p>Ve v\u0161ech z\u00e1le\u017eitostech souvisej\u00edc\u00edch se zpracov\u00e1n\u00edm va\u0161ich osobn\u00edch \u00fadaj\u016f, a\u0165 ji\u017e jde o dotaz, uplatn\u011bn\u00ed pr\u00e1va, pod\u00e1n\u00ed st\u00ed\u017enosti \u010di cokoliv jin\u00e9ho, se na n\u00e1s obracejte na emailovou adresu\u00a0<a href=\"mailto:info@sportmedic.cz\">info@kinesio-czech.cz<\/a>.<\/p>\n<p>Va\u0161i \u017e\u00e1dost vy\u0159\u00edd\u00edme bez zbyte\u010dn\u00e9ho odkladu, maxim\u00e1ln\u011b v\u0161ak do jednoho m\u011bs\u00edce. Ve\u00a0v\u00fdjime\u010dn\u00fdch p\u0159\u00edpadech, zejm\u00e9na z\u00a0d\u016fvodu slo\u017eitosti va\u0161eho po\u017eadavku, jsme opr\u00e1vn\u011bni tuto lh\u016ftu prodlou\u017eit o\u00a0dal\u0161\u00ed dva m\u011bs\u00edce. O takov\u00e9m p\u0159\u00edpadn\u00e9m prodlou\u017een\u00ed a jeho zd\u016fvodn\u011bn\u00ed v\u00e1s samoz\u0159ejm\u011b budeme informovat.<\/p>\n<p>&nbsp;<\/p>\n<p>&nbsp;<\/p>\n<p>Datum zpracov\u00e1n\u00ed 10.5.2018<\/p>\n<\/div>\n<\/div>\n<\/div>\n","protected":false},"excerpt":{"rendered":"<p><span class=\"excerpt-hellip\"> [\u2026]<\/span><\/p>\n","protected":false},"author":1,"featured_media":0,"parent":0,"menu_order":0,"comment_status":"closed","ping_status":"closed","template":"","meta":{"footnotes":""},"class_list":["post-459","page","type-page","status-publish","hentry"],"_links":{"self":[{"href":"https:\/\/kinesio-slovak.sk\/index.php\/wp-json\/wp\/v2\/pages\/459","targetHints":{"allow":["GET"]}}],"collection":[{"href":"https:\/\/kinesio-slovak.sk\/index.php\/wp-json\/wp\/v2\/pages"}],"about":[{"href":"https:\/\/kinesio-slovak.sk\/index.php\/wp-json\/wp\/v2\/types\/page"}],"author":[{"embeddable":true,"href":"https:\/\/kinesio-slovak.sk\/index.php\/wp-json\/wp\/v2\/users\/1"}],"replies":[{"embeddable":true,"href":"https:\/\/kinesio-slovak.sk\/index.php\/wp-json\/wp\/v2\/comments?post=459"}],"version-history":[{"count":0,"href":"https:\/\/kinesio-slovak.sk\/index.php\/wp-json\/wp\/v2\/pages\/459\/revisions"}],"wp:attachment":[{"href":"https:\/\/kinesio-slovak.sk\/index.php\/wp-json\/wp\/v2\/media?parent=459"}],"curies":[{"name":"wp","href":"https:\/\/api.w.org\/{rel}","templated":true}]}}