{"id":92,"date":"2016-03-30T08:18:25","date_gmt":"2016-03-30T07:18:25","guid":{"rendered":"http:\/\/kinesio-slovak.sk\/?page_id=92"},"modified":"2018-01-22T15:00:11","modified_gmt":"2018-01-22T14:00:11","slug":"fotogaleria","status":"publish","type":"page","link":"https:\/\/kinesio-slovak.sk\/index.php\/fotogaleria\/","title":{"rendered":"Fotogal\u00e9ria"},"content":{"rendered":"<h3>PETRA NOV\u00c1KOV\u00c1 B\u011aH NA LY\u017d\u00cdCH<\/h3>\n\n\t\t\t<style type='text\/css'>\n\t\t\t\t#sc_gallery-1 {\n\t\t\t\t\tmargin: auto;\n\t\t\t\t}\n\t\t\t\t#sc_gallery-1 .gallery-item {\n\t\t\t\t\tfloat: left;\n\t\t\t\t\ttext-align: center;\n\t\t\t\t\twidth: 33.33%;\n\t\t\t\t}\n\t\t\t\t#sc_gallery-1 img {\n\t\t\t\t\tborder: 2px solid #cfcfcf;\n\t\t\t\t}\n\t\t\t\t\/* see sc_gallery() in functions\/theme-shortcodes.php *\/\n\t\t\t<\/style>\n\t\t<div id='sc_gallery-1' class='gallery galleryid-92 gallery-columns-3 gallery-size-medium  gallery-default'><dl class='gallery-item'  data-title='Kinesio2' data-description=''><div class='gallery-item-wrapper'>\n\t\t\t\t<dt class='gallery-icon portrait'>\n\t\t\t\t\t<a href='https:\/\/kinesio-slovak.sk\/index.php\/fotogaleria\/kinesio2\/'><img loading=\"lazy\" decoding=\"async\" width=\"225\" height=\"300\" src=\"https:\/\/kinesio-slovak.sk\/wp-content\/uploads\/2018\/01\/Kinesio2.jpg\" class=\"attachment-medium size-medium\" alt=\"\" \/><\/a>\n\t\t\t\t<\/dt><\/div><\/dl><dl class='gallery-item'  data-title='s-tejpy-do-webu-Kinesioa' data-description=''><div class='gallery-item-wrapper'>\n\t\t\t\t<dt class='gallery-icon portrait'>\n\t\t\t\t\t<a href='https:\/\/kinesio-slovak.sk\/index.php\/fotogaleria\/s-tejpy-do-webu-kinesioa\/'><img loading=\"lazy\" decoding=\"async\" width=\"225\" height=\"300\" src=\"https:\/\/kinesio-slovak.sk\/wp-content\/uploads\/2018\/01\/s-tejpy-do-webu-Kinesioa.jpg\" class=\"attachment-medium size-medium\" alt=\"\" \/><\/a>\n\t\t\t\t<\/dt><\/div><\/dl>\n\t\t\t\t<br style='clear: both' \/>\n\t\t\t<\/div>\n\n<hr \/>\n<h3>16.3 2017 Dr. Kase v Praze<\/h3>\n\n\t\t\t<style type='text\/css'>\n\t\t\t\t#sc_gallery-2 {\n\t\t\t\t\tmargin: auto;\n\t\t\t\t}\n\t\t\t\t#sc_gallery-2 .gallery-item {\n\t\t\t\t\tfloat: left;\n\t\t\t\t\ttext-align: center;\n\t\t\t\t\twidth: 24.99%;\n\t\t\t\t}\n\t\t\t\t#sc_gallery-2 img {\n\t\t\t\t\tborder: 2px solid #cfcfcf;\n\t\t\t\t}\n\t\t\t\t\/* see sc_gallery() in functions\/theme-shortcodes.php *\/\n\t\t\t<\/style>\n\t\t<div id='sc_gallery-2' class='gallery galleryid-92 gallery-columns-4 gallery-size-medium file gallery-default'><dl class='gallery-item'  data-title='1-Large-2' data-description=''><div class='gallery-item-wrapper'>\n\t\t\t\t<dt class='gallery-icon landscape'>\n\t\t\t\t\t<a href='https:\/\/kinesio-slovak.sk\/wp-content\/uploads\/2017\/04\/1-Large-2.jpg'><img loading=\"lazy\" decoding=\"async\" width=\"300\" height=\"225\" src=\"https:\/\/kinesio-slovak.sk\/wp-content\/uploads\/2017\/04\/1-Large-2.jpg\" class=\"attachment-medium size-medium\" alt=\"\" \/><\/a>\n\t\t\t\t<\/dt><\/div><\/dl><dl class='gallery-item'  data-title='3-Large-e1491314154948' data-description=''><div class='gallery-item-wrapper'>\n\t\t\t\t<dt class='gallery-icon portrait'>\n\t\t\t\t\t<a href='https:\/\/kinesio-slovak.sk\/wp-content\/uploads\/2017\/04\/3-Large-e1491314154948.jpg'><img loading=\"lazy\" decoding=\"async\" width=\"225\" height=\"300\" src=\"https:\/\/kinesio-slovak.sk\/wp-content\/uploads\/2017\/04\/3-Large-e1491314154948.jpg\" class=\"attachment-medium size-medium\" alt=\"\" \/><\/a>\n\t\t\t\t<\/dt><\/div><\/dl><dl class='gallery-item'  data-title='4-Large-e1491314170976' data-description=''><div class='gallery-item-wrapper'>\n\t\t\t\t<dt class='gallery-icon portrait'>\n\t\t\t\t\t<a href='https:\/\/kinesio-slovak.sk\/wp-content\/uploads\/2017\/04\/4-Large-e1491314170976.jpg'><img loading=\"lazy\" decoding=\"async\" width=\"225\" height=\"300\" src=\"https:\/\/kinesio-slovak.sk\/wp-content\/uploads\/2017\/04\/4-Large-e1491314170976.jpg\" class=\"attachment-medium size-medium\" alt=\"\" \/><\/a>\n\t\t\t\t<\/dt><\/div><\/dl><dl class='gallery-item'  data-title='2-Large-2-e1491314338940' data-description=''><div class='gallery-item-wrapper'>\n\t\t\t\t<dt class='gallery-icon portrait'>\n\t\t\t\t\t<a href='https:\/\/kinesio-slovak.sk\/wp-content\/uploads\/2017\/04\/2-Large-2-e1491314338940.jpg'><img loading=\"lazy\" decoding=\"async\" width=\"225\" height=\"300\" src=\"https:\/\/kinesio-slovak.sk\/wp-content\/uploads\/2017\/04\/2-Large-2-e1491314338940.jpg\" class=\"attachment-medium size-medium\" alt=\"\" \/><\/a>\n\t\t\t\t<\/dt><\/div><\/dl><br style=\"clear: both\" \/>\n\t\t\t<\/div>\n\n<p>&nbsp;<\/p>\n<h3>17.3 2017 Konference KINESIO TAPING\u00ae &#8211; fakta a m\u00fdty<\/h3>\n\n\t\t\t<style type='text\/css'>\n\t\t\t\t#sc_gallery-3 {\n\t\t\t\t\tmargin: auto;\n\t\t\t\t}\n\t\t\t\t#sc_gallery-3 .gallery-item {\n\t\t\t\t\tfloat: left;\n\t\t\t\t\ttext-align: center;\n\t\t\t\t\twidth: 24.99%;\n\t\t\t\t}\n\t\t\t\t#sc_gallery-3 img {\n\t\t\t\t\tborder: 2px solid #cfcfcf;\n\t\t\t\t}\n\t\t\t\t\/* see sc_gallery() in functions\/theme-shortcodes.php *\/\n\t\t\t<\/style>\n\t\t<div id='sc_gallery-3' class='gallery galleryid-92 gallery-columns-4 gallery-size-medium file gallery-default'><dl class='gallery-item'  data-title='7-Large-e1491314234503' data-description=''><div class='gallery-item-wrapper'>\n\t\t\t\t<dt class='gallery-icon portrait'>\n\t\t\t\t\t<a href='https:\/\/kinesio-slovak.sk\/wp-content\/uploads\/2017\/04\/7-Large-e1491314234503.jpg'><img loading=\"lazy\" decoding=\"async\" width=\"225\" height=\"300\" src=\"https:\/\/kinesio-slovak.sk\/wp-content\/uploads\/2017\/04\/7-Large-e1491314234503.jpg\" class=\"attachment-medium size-medium\" alt=\"\" \/><\/a>\n\t\t\t\t<\/dt><\/div><\/dl><dl class='gallery-item'  data-title='9-Large-e1491314250617' data-description=''><div class='gallery-item-wrapper'>\n\t\t\t\t<dt class='gallery-icon portrait'>\n\t\t\t\t\t<a href='https:\/\/kinesio-slovak.sk\/wp-content\/uploads\/2017\/04\/9-Large-e1491314250617.jpg'><img loading=\"lazy\" decoding=\"async\" width=\"225\" height=\"300\" src=\"https:\/\/kinesio-slovak.sk\/wp-content\/uploads\/2017\/04\/9-Large-e1491314250617.jpg\" class=\"attachment-medium size-medium\" alt=\"\" \/><\/a>\n\t\t\t\t<\/dt><\/div><\/dl><dl class='gallery-item'  data-title='88729794-62C8-4BC5-9B66-A1239FBCA942-Large-2-e1491314327884' data-description=''><div class='gallery-item-wrapper'>\n\t\t\t\t<dt class='gallery-icon portrait'>\n\t\t\t\t\t<a href='https:\/\/kinesio-slovak.sk\/wp-content\/uploads\/2017\/04\/88729794-62C8-4BC5-9B66-A1239FBCA942-Large-2-e1491314327884.jpg'><img loading=\"lazy\" decoding=\"async\" width=\"225\" height=\"300\" src=\"https:\/\/kinesio-slovak.sk\/wp-content\/uploads\/2017\/04\/88729794-62C8-4BC5-9B66-A1239FBCA942-Large-2-e1491314327884.jpg\" class=\"attachment-medium size-medium\" alt=\"\" \/><\/a>\n\t\t\t\t<\/dt><\/div><\/dl><dl class='gallery-item'  data-title='8-Large-e1491314298985' data-description=''><div class='gallery-item-wrapper'>\n\t\t\t\t<dt class='gallery-icon portrait'>\n\t\t\t\t\t<a href='https:\/\/kinesio-slovak.sk\/wp-content\/uploads\/2017\/04\/8-Large-e1491314298985.jpg'><img loading=\"lazy\" decoding=\"async\" width=\"225\" height=\"300\" src=\"https:\/\/kinesio-slovak.sk\/wp-content\/uploads\/2017\/04\/8-Large-e1491314298985.jpg\" class=\"attachment-medium size-medium\" alt=\"\" \/><\/a>\n\t\t\t\t<\/dt><\/div><\/dl><br style=\"clear: both\" \/><dl class='gallery-item'  data-title='264EABCE-3EC9-444E-9811-D907AE434546-Large-e1491314116448' data-description=''><div class='gallery-item-wrapper'>\n\t\t\t\t<dt class='gallery-icon portrait'>\n\t\t\t\t\t<a href='https:\/\/kinesio-slovak.sk\/wp-content\/uploads\/2017\/04\/264EABCE-3EC9-444E-9811-D907AE434546-Large-e1491314116448.jpg'><img loading=\"lazy\" decoding=\"async\" width=\"225\" height=\"300\" src=\"https:\/\/kinesio-slovak.sk\/wp-content\/uploads\/2017\/04\/264EABCE-3EC9-444E-9811-D907AE434546-Large-e1491314116448.jpg\" class=\"attachment-medium size-medium\" alt=\"\" \/><\/a>\n\t\t\t\t<\/dt><\/div><\/dl><dl class='gallery-item'  data-title='264EABCE-3EC9-444E-9811-D907AE434546-Large-2-e1491314090473' data-description=''><div class='gallery-item-wrapper'>\n\t\t\t\t<dt class='gallery-icon portrait'>\n\t\t\t\t\t<a href='https:\/\/kinesio-slovak.sk\/wp-content\/uploads\/2017\/04\/264EABCE-3EC9-444E-9811-D907AE434546-Large-2-e1491314090473.jpg'><img loading=\"lazy\" decoding=\"async\" width=\"225\" height=\"300\" src=\"https:\/\/kinesio-slovak.sk\/wp-content\/uploads\/2017\/04\/264EABCE-3EC9-444E-9811-D907AE434546-Large-2-e1491314090473.jpg\" class=\"attachment-medium size-medium\" alt=\"\" \/><\/a>\n\t\t\t\t<\/dt><\/div><\/dl><dl class='gallery-item'  data-title='264EABCE-3EC9-444E-9811-D907AE434546-Large-Large-e1491314065451' data-description=''><div class='gallery-item-wrapper'>\n\t\t\t\t<dt class='gallery-icon portrait'>\n\t\t\t\t\t<a href='https:\/\/kinesio-slovak.sk\/wp-content\/uploads\/2017\/04\/264EABCE-3EC9-444E-9811-D907AE434546-Large-Large-e1491314065451.jpg'><img loading=\"lazy\" decoding=\"async\" width=\"225\" height=\"300\" src=\"https:\/\/kinesio-slovak.sk\/wp-content\/uploads\/2017\/04\/264EABCE-3EC9-444E-9811-D907AE434546-Large-Large-e1491314065451.jpg\" class=\"attachment-medium size-medium\" alt=\"\" \/><\/a>\n\t\t\t\t<\/dt><\/div><\/dl><dl class='gallery-item'  data-title='6-Large-e1491314275294' data-description=''><div class='gallery-item-wrapper'>\n\t\t\t\t<dt class='gallery-icon portrait'>\n\t\t\t\t\t<a href='https:\/\/kinesio-slovak.sk\/wp-content\/uploads\/2017\/04\/6-Large-e1491314275294.jpg'><img loading=\"lazy\" decoding=\"async\" width=\"225\" height=\"300\" src=\"https:\/\/kinesio-slovak.sk\/wp-content\/uploads\/2017\/04\/6-Large-e1491314275294.jpg\" class=\"attachment-medium size-medium\" alt=\"\" \/><\/a>\n\t\t\t\t<\/dt><\/div><\/dl><br style=\"clear: both\" \/><dl class='gallery-item'  data-title='10-Large-e1491314314286' data-description=''><div class='gallery-item-wrapper'>\n\t\t\t\t<dt class='gallery-icon portrait'>\n\t\t\t\t\t<a href='https:\/\/kinesio-slovak.sk\/wp-content\/uploads\/2017\/04\/10-Large-e1491314314286.jpg'><img loading=\"lazy\" decoding=\"async\" width=\"225\" height=\"300\" src=\"https:\/\/kinesio-slovak.sk\/wp-content\/uploads\/2017\/04\/10-Large-e1491314314286.jpg\" class=\"attachment-medium size-medium\" alt=\"\" \/><\/a>\n\t\t\t\t<\/dt><\/div><\/dl>\n\t\t\t\t<br style='clear: both' \/>\n\t\t\t<\/div>\n\n<div>\n<hr \/>\n<h3>Ostatn\u00ed<\/h3>\n<p>&nbsp;<\/p>\n\n\t\t\t<style type='text\/css'>\n\t\t\t\t#sc_gallery-4 {\n\t\t\t\t\tmargin: auto;\n\t\t\t\t}\n\t\t\t\t#sc_gallery-4 .gallery-item {\n\t\t\t\t\tfloat: left;\n\t\t\t\t\ttext-align: center;\n\t\t\t\t\twidth: 24.99%;\n\t\t\t\t}\n\t\t\t\t#sc_gallery-4 img {\n\t\t\t\t\tborder: 2px solid #cfcfcf;\n\t\t\t\t}\n\t\t\t\t\/* see sc_gallery() in functions\/theme-shortcodes.php *\/\n\t\t\t<\/style>\n\t\t<div id='sc_gallery-4' class='gallery galleryid-92 gallery-columns-4 gallery-size-thumbnail  gallery-default'><dl class='gallery-item'  data-title='IMG_1491 (Kop\u00edrovat)' data-description=''><div class='gallery-item-wrapper'>\n\t\t\t\t<dt class='gallery-icon landscape'>\n\t\t\t\t\t<a href='https:\/\/kinesio-slovak.sk\/index.php\/home\/img_1491-kopirovat\/'><img loading=\"lazy\" decoding=\"async\" width=\"150\" height=\"150\" src=\"https:\/\/kinesio-slovak.sk\/wp-content\/uploads\/2016\/01\/IMG_1491-Kop\u00edrovat-e1460720097911-150x150.jpg\" class=\"attachment-thumbnail size-thumbnail\" alt=\"\" srcset=\"https:\/\/kinesio-slovak.sk\/wp-content\/uploads\/2016\/01\/IMG_1491-Kop\u00edrovat-e1460720097911-150x150.jpg 150w, https:\/\/kinesio-slovak.sk\/wp-content\/uploads\/2016\/01\/IMG_1491-Kop\u00edrovat-e1460720097911-85x85.jpg 85w, https:\/\/kinesio-slovak.sk\/wp-content\/uploads\/2016\/01\/IMG_1491-Kop\u00edrovat-e1460720097911-80x80.jpg 80w\" sizes=\"auto, (max-width:767px) 150px, 150px\" \/><\/a>\n\t\t\t\t<\/dt><\/div><\/dl><dl class='gallery-item'  data-title='IMG_0994B (Kop\u00edrovat)' data-description=''><div class='gallery-item-wrapper'>\n\t\t\t\t<dt class='gallery-icon portrait'>\n\t\t\t\t\t<a href='https:\/\/kinesio-slovak.sk\/index.php\/home\/img_0994b-kopirovat\/'><img loading=\"lazy\" decoding=\"async\" width=\"150\" height=\"150\" src=\"https:\/\/kinesio-slovak.sk\/wp-content\/uploads\/2016\/01\/IMG_0994B-Kop\u00edrovat-150x150.jpg\" class=\"attachment-thumbnail size-thumbnail\" alt=\"\" srcset=\"https:\/\/kinesio-slovak.sk\/wp-content\/uploads\/2016\/01\/IMG_0994B-Kop\u00edrovat-150x150.jpg 150w, https:\/\/kinesio-slovak.sk\/wp-content\/uploads\/2016\/01\/IMG_0994B-Kop\u00edrovat-85x85.jpg 85w, https:\/\/kinesio-slovak.sk\/wp-content\/uploads\/2016\/01\/IMG_0994B-Kop\u00edrovat-80x80.jpg 80w\" sizes=\"auto, (max-width:767px) 150px, 150px\" \/><\/a>\n\t\t\t\t<\/dt><\/div><\/dl><dl class='gallery-item'  data-title='IMG_0945 (Kop\u00edrovat)' data-description=''><div class='gallery-item-wrapper'>\n\t\t\t\t<dt class='gallery-icon portrait'>\n\t\t\t\t\t<a href='https:\/\/kinesio-slovak.sk\/index.php\/home\/img_0945-kopirovat\/'><img loading=\"lazy\" decoding=\"async\" width=\"150\" height=\"150\" src=\"https:\/\/kinesio-slovak.sk\/wp-content\/uploads\/2016\/01\/IMG_0945-Kop\u00edrovat-150x150.jpg\" class=\"attachment-thumbnail size-thumbnail\" alt=\"\" srcset=\"https:\/\/kinesio-slovak.sk\/wp-content\/uploads\/2016\/01\/IMG_0945-Kop\u00edrovat-150x150.jpg 150w, https:\/\/kinesio-slovak.sk\/wp-content\/uploads\/2016\/01\/IMG_0945-Kop\u00edrovat-85x85.jpg 85w, https:\/\/kinesio-slovak.sk\/wp-content\/uploads\/2016\/01\/IMG_0945-Kop\u00edrovat-80x80.jpg 80w\" sizes=\"auto, (max-width:767px) 150px, 150px\" \/><\/a>\n\t\t\t\t<\/dt><\/div><\/dl><dl class='gallery-item'  data-title='IMG_0944 (Kop\u00edrovat)' data-description=''><div class='gallery-item-wrapper'>\n\t\t\t\t<dt class='gallery-icon portrait'>\n\t\t\t\t\t<a href='https:\/\/kinesio-slovak.sk\/index.php\/home\/img_0944-kopirovat\/'><img loading=\"lazy\" decoding=\"async\" width=\"150\" height=\"150\" src=\"https:\/\/kinesio-slovak.sk\/wp-content\/uploads\/2016\/01\/IMG_0944-Kop\u00edrovat-150x150.jpg\" class=\"attachment-thumbnail size-thumbnail\" alt=\"\" srcset=\"https:\/\/kinesio-slovak.sk\/wp-content\/uploads\/2016\/01\/IMG_0944-Kop\u00edrovat-150x150.jpg 150w, https:\/\/kinesio-slovak.sk\/wp-content\/uploads\/2016\/01\/IMG_0944-Kop\u00edrovat-85x85.jpg 85w, https:\/\/kinesio-slovak.sk\/wp-content\/uploads\/2016\/01\/IMG_0944-Kop\u00edrovat-80x80.jpg 80w\" sizes=\"auto, (max-width:767px) 150px, 150px\" \/><\/a>\n\t\t\t\t<\/dt><\/div><\/dl><br style=\"clear: both\" \/><dl class='gallery-item'  data-title='IMG_0261' data-description=''><div class='gallery-item-wrapper'>\n\t\t\t\t<dt class='gallery-icon portrait'>\n\t\t\t\t\t<a href='https:\/\/kinesio-slovak.sk\/index.php\/home\/img_0261-2\/'><img loading=\"lazy\" decoding=\"async\" width=\"150\" height=\"150\" src=\"https:\/\/kinesio-slovak.sk\/wp-content\/uploads\/2016\/01\/IMG_0930-Kop\u00edrovat-150x150.jpg\" class=\"attachment-thumbnail size-thumbnail\" alt=\"\" srcset=\"https:\/\/kinesio-slovak.sk\/wp-content\/uploads\/2016\/01\/IMG_0930-Kop\u00edrovat-150x150.jpg 150w, https:\/\/kinesio-slovak.sk\/wp-content\/uploads\/2016\/01\/IMG_0930-Kop\u00edrovat-85x85.jpg 85w, https:\/\/kinesio-slovak.sk\/wp-content\/uploads\/2016\/01\/IMG_0930-Kop\u00edrovat-80x80.jpg 80w\" sizes=\"auto, (max-width:767px) 150px, 150px\" \/><\/a>\n\t\t\t\t<\/dt><\/div><\/dl><dl class='gallery-item'  data-title='david-koci-kenesio (Kop\u00edrovat)' data-description=''><div class='gallery-item-wrapper'>\n\t\t\t\t<dt class='gallery-icon portrait'>\n\t\t\t\t\t<a href='https:\/\/kinesio-slovak.sk\/index.php\/home\/david-koci-kenesio-kopirovat\/'><img loading=\"lazy\" decoding=\"async\" width=\"150\" height=\"150\" src=\"https:\/\/kinesio-slovak.sk\/wp-content\/uploads\/2016\/01\/david-koci-kenesio-Kop\u00edrovat-150x150.jpg\" class=\"attachment-thumbnail size-thumbnail\" alt=\"\" srcset=\"https:\/\/kinesio-slovak.sk\/wp-content\/uploads\/2016\/01\/david-koci-kenesio-Kop\u00edrovat-150x150.jpg 150w, https:\/\/kinesio-slovak.sk\/wp-content\/uploads\/2016\/01\/david-koci-kenesio-Kop\u00edrovat-85x85.jpg 85w, https:\/\/kinesio-slovak.sk\/wp-content\/uploads\/2016\/01\/david-koci-kenesio-Kop\u00edrovat-80x80.jpg 80w\" sizes=\"auto, (max-width:767px) 150px, 150px\" \/><\/a>\n\t\t\t\t<\/dt><\/div><\/dl><dl class='gallery-item'  data-title='klara (Kop\u00edrovat)' data-description=''><div class='gallery-item-wrapper'>\n\t\t\t\t<dt class='gallery-icon landscape'>\n\t\t\t\t\t<a href='https:\/\/kinesio-slovak.sk\/index.php\/home\/klara-kopirovat\/'><img loading=\"lazy\" decoding=\"async\" width=\"150\" height=\"150\" src=\"https:\/\/kinesio-slovak.sk\/wp-content\/uploads\/2016\/01\/klara-Kop\u00edrovat-150x150.jpg\" class=\"attachment-thumbnail size-thumbnail\" alt=\"\" srcset=\"https:\/\/kinesio-slovak.sk\/wp-content\/uploads\/2016\/01\/klara-Kop\u00edrovat-150x150.jpg 150w, https:\/\/kinesio-slovak.sk\/wp-content\/uploads\/2016\/01\/klara-Kop\u00edrovat-85x85.jpg 85w, https:\/\/kinesio-slovak.sk\/wp-content\/uploads\/2016\/01\/klara-Kop\u00edrovat-80x80.jpg 80w\" sizes=\"auto, (max-width:767px) 150px, 150px\" \/><\/a>\n\t\t\t\t<\/dt><\/div><\/dl><dl class='gallery-item'  data-title='kinesio-peroutka (Kop\u00edrovat)' data-description=''><div class='gallery-item-wrapper'>\n\t\t\t\t<dt class='gallery-icon landscape'>\n\t\t\t\t\t<a href='https:\/\/kinesio-slovak.sk\/index.php\/home\/kinesio-peroutka-kopirovat\/'><img loading=\"lazy\" decoding=\"async\" width=\"150\" height=\"150\" src=\"https:\/\/kinesio-slovak.sk\/wp-content\/uploads\/2016\/01\/kinesio-peroutka-Kop\u00edrovat-150x150.jpg\" class=\"attachment-thumbnail size-thumbnail\" alt=\"\" srcset=\"https:\/\/kinesio-slovak.sk\/wp-content\/uploads\/2016\/01\/kinesio-peroutka-Kop\u00edrovat-150x150.jpg 150w, https:\/\/kinesio-slovak.sk\/wp-content\/uploads\/2016\/01\/kinesio-peroutka-Kop\u00edrovat-85x85.jpg 85w, https:\/\/kinesio-slovak.sk\/wp-content\/uploads\/2016\/01\/kinesio-peroutka-Kop\u00edrovat-80x80.jpg 80w\" sizes=\"auto, (max-width:767px) 150px, 150px\" \/><\/a>\n\t\t\t\t<\/dt><\/div><\/dl><br style=\"clear: both\" \/><dl class='gallery-item'  data-title='kinesio-foto (Kop\u00edrovat)' data-description=''><div class='gallery-item-wrapper'>\n\t\t\t\t<dt class='gallery-icon landscape'>\n\t\t\t\t\t<a href='https:\/\/kinesio-slovak.sk\/index.php\/home\/kinesio-foto-kopirovat\/'><img loading=\"lazy\" decoding=\"async\" width=\"150\" height=\"150\" src=\"https:\/\/kinesio-slovak.sk\/wp-content\/uploads\/2016\/01\/kinesio-foto-Kop\u00edrovat-150x150.jpg\" class=\"attachment-thumbnail size-thumbnail\" alt=\"\" srcset=\"https:\/\/kinesio-slovak.sk\/wp-content\/uploads\/2016\/01\/kinesio-foto-Kop\u00edrovat-150x150.jpg 150w, https:\/\/kinesio-slovak.sk\/wp-content\/uploads\/2016\/01\/kinesio-foto-Kop\u00edrovat-85x85.jpg 85w, https:\/\/kinesio-slovak.sk\/wp-content\/uploads\/2016\/01\/kinesio-foto-Kop\u00edrovat-80x80.jpg 80w\" sizes=\"auto, (max-width:767px) 150px, 150px\" \/><\/a>\n\t\t\t\t<\/dt><\/div><\/dl><dl class='gallery-item'  data-title='IMG_2141 (Kop\u00edrovat)' data-description=''><div class='gallery-item-wrapper'>\n\t\t\t\t<dt class='gallery-icon landscape'>\n\t\t\t\t\t<a href='https:\/\/kinesio-slovak.sk\/index.php\/home\/img_2141-kopirovat\/'><img loading=\"lazy\" decoding=\"async\" width=\"150\" height=\"150\" src=\"https:\/\/kinesio-slovak.sk\/wp-content\/uploads\/2016\/01\/IMG_2141-Kop\u00edrovat-150x150.jpg\" class=\"attachment-thumbnail size-thumbnail\" alt=\"\" srcset=\"https:\/\/kinesio-slovak.sk\/wp-content\/uploads\/2016\/01\/IMG_2141-Kop\u00edrovat-150x150.jpg 150w, https:\/\/kinesio-slovak.sk\/wp-content\/uploads\/2016\/01\/IMG_2141-Kop\u00edrovat-300x300.jpg 300w, https:\/\/kinesio-slovak.sk\/wp-content\/uploads\/2016\/01\/IMG_2141-Kop\u00edrovat-768x768.jpg 768w, https:\/\/kinesio-slovak.sk\/wp-content\/uploads\/2016\/01\/IMG_2141-Kop\u00edrovat-1024x1024.jpg 1024w, https:\/\/kinesio-slovak.sk\/wp-content\/uploads\/2016\/01\/IMG_2141-Kop\u00edrovat-146x146.jpg 146w, https:\/\/kinesio-slovak.sk\/wp-content\/uploads\/2016\/01\/IMG_2141-Kop\u00edrovat-50x50.jpg 50w, https:\/\/kinesio-slovak.sk\/wp-content\/uploads\/2016\/01\/IMG_2141-Kop\u00edrovat-75x75.jpg 75w, https:\/\/kinesio-slovak.sk\/wp-content\/uploads\/2016\/01\/IMG_2141-Kop\u00edrovat-85x85.jpg 85w, https:\/\/kinesio-slovak.sk\/wp-content\/uploads\/2016\/01\/IMG_2141-Kop\u00edrovat-80x80.jpg 80w, https:\/\/kinesio-slovak.sk\/wp-content\/uploads\/2016\/01\/IMG_2141-Kop\u00edrovat.jpg 1050w\" sizes=\"auto, (max-width:767px) 150px, 150px\" \/><\/a>\n\t\t\t\t<\/dt><\/div><\/dl>\n\t\t\t\t<br style='clear: both' \/>\n\t\t\t<\/div>\n\n<\/div>\n","protected":false},"excerpt":{"rendered":"<p><span class=\"excerpt-hellip\"> [\u2026]<\/span><\/p>\n","protected":false},"author":1,"featured_media":0,"parent":0,"menu_order":0,"comment_status":"closed","ping_status":"closed","template":"","meta":{"footnotes":""},"class_list":["post-92","page","type-page","status-publish","hentry"],"_links":{"self":[{"href":"https:\/\/kinesio-slovak.sk\/index.php\/wp-json\/wp\/v2\/pages\/92","targetHints":{"allow":["GET"]}}],"collection":[{"href":"https:\/\/kinesio-slovak.sk\/index.php\/wp-json\/wp\/v2\/pages"}],"about":[{"href":"https:\/\/kinesio-slovak.sk\/index.php\/wp-json\/wp\/v2\/types\/page"}],"author":[{"embeddable":true,"href":"https:\/\/kinesio-slovak.sk\/index.php\/wp-json\/wp\/v2\/users\/1"}],"replies":[{"embeddable":true,"href":"https:\/\/kinesio-slovak.sk\/index.php\/wp-json\/wp\/v2\/comments?post=92"}],"version-history":[{"count":0,"href":"https:\/\/kinesio-slovak.sk\/index.php\/wp-json\/wp\/v2\/pages\/92\/revisions"}],"wp:attachment":[{"href":"https:\/\/kinesio-slovak.sk\/index.php\/wp-json\/wp\/v2\/media?parent=92"}],"curies":[{"name":"wp","href":"https:\/\/api.w.org\/{rel}","templated":true}]}}